u) = 33*u - 1. Let a be j(1). Suppose -4*m = 4*t + a, m - 5*m - 2*t - 26 = 0. What is the units digit of m/(10/(-4))*4?
8
What is the units digit of (408/(-20))/(-2*(-3)/(-45))?
3
Let l = -10 + 16. Suppose -a - 57 = 4*y - l*a, 3*y + 34 = 2*a. Let v = y - -10. What is the units digit of v?
2
Suppose -5 - 1 = -2*n. What is the units digit of (n/(-6))/(1/(-28))?
4
Let h(s) = s**2 + 3*s + 3. Let y be h(-6). Let u = 19 + y. Let q = u + -2. What is the tens digit of q?
3
Let o(l) = 5*l - 7. Let f(g) = -1. Let v(c) = 5*f(c) - o(c). Let u be v(1). What is the units digit of 17 + (u - -2 - 2)?
4
What is the units digit of 2962/4 + (-21)/42?
0
Let h be (5/10)/((-2)/148). Let m = h + 97. Let s = m + -42. What is the tens digit of s?
1
Suppose -7*g = g - 5992. Suppose -19*u + g = -12*u. What is the tens digit of u?
0
Suppose -4*v + 2524 = p, 0*v - 648 = -v + 4*p. What is the units digit of v?
2
Suppose 2*s = 10*s - 80. Suppose -s*f + 1632 = -4*f. What is the tens digit of f?
7
Let a = -115 + 131. Suppose -2*c + 20 = 2*x - a, -4*x + 72 = 3*c. What is the units digit of x?
8
Suppose 12 = 6*k - 4*k. Suppose -h = -3*n - k, h + n = 14 + 4. What is the tens digit of h?
1
Suppose -4*u + 11599 = 3*p, 11613 = 3*p + 4*u - 7*u. What is the thousands digit of p?
3
Suppose 446 = -2*f - 438. Let c = f - -622. Suppose 7*z - c = 2*z. What is the tens digit of z?
3
Let c(w) = -2*w**2 + 10*w + 15. Let h be c(10). Let i = 3 - h. What is the units digit of i?
8
Let f be ((-3)/6)/(-1)*6. Suppose -f*c = -4*c + 6. Suppose 0 = t - c*t + 10. What is the units digit of t?
2
Let y(p) = 34*p + 1. Let u be y(5). Suppose -17 = -4*o + u. Suppose 3*m = 4 + o. What is the tens digit of m?
1
Let g(n) = -n**2 - 4*n + 5. Let j be g(-4). Let p(w) = j + 6*w - 5 + 1. What is the tens digit of p(4)?
2
Let s = -32 + 26. Let d(x) = x**2 - 7*x - 8. What is the tens digit of d(s)?
7
Let d(s) = -s**3 - 4*s**2 + 4*s - 1. Let k be d(-5). Suppose 0 = k*j - 9 + 1. Suppose u + 3 = j*u. What is the units digit of u?
3
Let v(s) = -s**2 + 53*s + 43. What is the tens digit of v(41)?
3
Let f(c) = -9*c + 74 + 12*c + c**2 - 5*c. What is the tens digit of f(0)?
7
Let g(m) = 7*m**2 + 2*m + 15. Let l be (-2 - -2)/(-2) - 4. What is the units digit of g(l)?
9
Let d(k) = k - 8. Let m be d(7). Let o be m*(-2)/(-1)*1. Let x = o - -31. What is the tens digit of x?
2
Let p = -561 + 980. What is the units digit of p?
9
Let d be 0/(0 + -2)*1. Let a = d + 31. What is the units digit of a?
1
Let n = 15 + -5. Let z be 4/n - 108/(-30). Suppose -72 = z*y - 6*y. What is the tens digit of y?
3
Suppose 31130 = 3628*d - 3617*d. What is the tens digit of d?
3
Let g(k) = -k**3 - 8*k**2 + 4*k + 37. Let h be g(-8). Let m = 353 + -102. Suppose -h*z + m = -2*s, -4*z - z = -5*s - 260. What is the units digit of z?
9
Let b = -63 + 71. Suppose 5*z + 339 = b*z. What is the hundreds digit of z?
1
Let l(a) = -81*a - 24. What is the tens digit of l(-6)?
6
Let h be (-2*1 + (-130)/(-25))*-25. Let o = 138 - h. What is the units digit of o?
8
Let g = -10 + 29. Let h = 79 - g. Suppose 2*l - 4*l = -h. What is the units digit of l?
0
Suppose 4*b - 11 = -r, 0 = b + b + 2*r - 10. Suppose 2*y - 3*o - 83 = 0, 4*y + 0*o - 154 = b*o. Let k = 57 - y. What is the tens digit of k?
2
Let d = 10 + -8. What is the units digit of 6/d*20/6?
0
Let z(v) = 17*v**2 - 11*v + 110. What is the thousands digit of z(9)?
1
Suppose -294 + 770 = 2*b. What is the hundreds digit of b?
2
Suppose 3*r - 2*a = 4591, 4*r - 3975 - 2149 = 4*a. What is the hundreds digit of r?
5
Suppose 386 = 4*o + 2*p, 2*o + 3*p = -0*p + 195. Suppose z - 2*n = 6*z - 399, -z + o = -5*n. What is the tens digit of z?
8
Let b(y) = -12*y**2 + 2 + 12*y - 10*y**2 + 21*y**2. Let f = -8 + 18. What is the units digit of b(f)?
2
Let z(u) be the third derivative of u**5/60 + 5*u**4/8 + 3*u**3/2 - 13*u**2. What is the units digit of z(-15)?
9
Let x = 967 + -5. What is the units digit of x?
2
Suppose -5*m + 3*j + 1013 = 2*j, -597 = -3*m - 3*j. Let c = 51 - -27. Suppose -m - c = -5*i. What is the units digit of i?
6
Suppose -2884 - 19656 = -23*b. What is the hundreds digit of b?
9
Suppose 0 = -3*v + 4*h + 48880, 0*h - 2*h + 10 = 0. What is the units digit of (v/16)/5 + (-3)/(-12)?
4
Suppose -5*q + v + 53 = 0, -6*q + q + 2*v = -51. What is the tens digit of q?
1
Let i(f) be the first derivative of f**4/4 - 5*f**3/3 - 9*f**2/2 - f - 1. Let z be 1659/(-158)*(1/3 + -1). What is the tens digit of i(z)?
3
Let o be 855/(-76)*-2*4. Suppose c = -3*c + 24. Suppose 2*g = o + c. What is the tens digit of g?
4
Let n = 63 + -35. Let r = 22 + n. What is the tens digit of r?
5
Let x be (12/(-2) + 5)/(1/(-619)). Suppose -2 - x = -3*s. What is the tens digit of s?
0
Let i(d) = -5*d**3 + d**2 - d. Let y be i(-2). Let m be 20*((-15)/20 - (-39)/12). Suppose -y*u + m = -44*u. What is the tens digit of u?
2
Suppose -4*d - d = 0. Let y(a) = 1 - 3*a + 4*a**2 + 2*a + d*a. What is the units digit of y(1)?
4
What is the hundreds digit of (22/55 + 9/(-10))*-426?
2
Let v = -131 - -132. Let k = -5 + 3. What is the units digit of (-50)/k - (-1 - v)?
7
Let u(z) = -3*z - 3. Let o be u(5). Let v be (9/o)/(1/(-6)). Suppose v*b = 2*b + 25. What is the tens digit of b?
2
Let z = 4 - -7. Let b(x) be the first derivative of -x**3/3 + 7*x**2 + 6*x + 107. What is the units digit of b(z)?
9
Let n = -19 + 21. Suppose 0 = n*q - 60 - 50. What is the units digit of q?
5
Suppose 2850 + 426 = 4*t. What is the units digit of t?
9
Let p = 110 + -32. Suppose 2*b + 141 = -3*m + 8*m, p = 3*m + b. What is the units digit of m?
7
Let t be (-1)/(((-20)/(-8))/(-5)). Suppose 3*r = -t*n + 82, -n - n + 112 = 4*r. What is the tens digit of r?
3
Let x = 3208 - 1744. What is the hundreds digit of x?
4
Let n(g) = g**2 + 6*g + 5. Let q be n(-4). Suppose 4*l = -4*f + 188, -2*l - 21*f + 22*f = -94. What is the tens digit of q/(-9)*9 + l?
5
Let t(m) = -1324*m + 3. What is the tens digit of t(-1)?
2
Suppose 2*h - 7 = -3. Let f be ((-1)/h)/((-3)/(-24)). Let l = 13 - f. What is the tens digit of l?
1
Suppose -2925 = -16*u + 17619. What is the tens digit of u?
8
Let m(q) = -44*q - 4. Let s be m(-3). Suppose -360 = -2*v - s. Suppose 4*x - r = -2*r + v, -3*x + 78 = 3*r. What is the units digit of x?
0
Let p(n) = -n + 3. Let r be p(1). Suppose -4*g + 181 = z, -r*g - 3*z + 71 = -22. What is the units digit of g?
5
Let p(h) = h**3 + 6*h**2 + h - 12. What is the hundreds digit of p(6)?
4
Suppose -2*c - 104 - 52 = 0. Let b = c - -249. What is the hundreds digit of b?
1
Let m be (-8)/(-10)*(10 + -5). Suppose -m*p + 3*n + 13 = -1, 2*n + 12 = 4*p. Suppose 19 = 4*g + t - 36, 58 = 4*g - p*t. What is the tens digit of g?
1
Suppose -w - 3 = 2*w. Let v(x) = -48*x + 3. What is the units digit of v(w)?
1
Suppose 15 = 6*p - p. Suppose -g + 74 = -5*c, c + 0 + p = 0. Suppose -g = -3*a - 17. What is the units digit of a?
4
What is the units digit of -19*95*168/(-140)?
6
Let r = -11 + 15. Suppose r*x = 8, 5*x - 25 = -3*d - 66. Let b = d - -39. What is the units digit of b?
2
Let w = 502 + -349. What is the units digit of w?
3
What is the tens digit of (1/(-2))/((-20)/13000)?
2
Suppose 5*p + k + 2*k = -97, -3*p + k - 61 = 0. Let z = -11 - p. Suppose 0 = -4*h + z*h - 155. What is the units digit of h?
1
Let h be (-4)/(-1)*4266/8. Let c be h/45 - (-2)/(-5). Let r = c + -28. What is the units digit of r?
9
Suppose 4*a = 3*g + 218 + 20, 48 = a + 5*g. Let o = a - 38. What is the units digit of o?
0
Let q(w) = 6*w**3 - 4*w**2 + 14*w - 60. What is the hundreds digit of q(5)?
6
Let y be (-20)/(-7 + 2) + 195. Suppose -3*n - 137 - y = -3*u, 3*u - 5*n = 338. What is the units digit of u?
1
Let h be (-5)/(20/(-28)) - 3. Suppose 4*v - 348 = -2*t, 344 = h*v + 2*t - t. What is the units digit of v?
5
Suppose 3*r + 3*k - 285 = 0, -6*k - 4 = -8*k. Suppose -232 = -5*o + r. What is the tens digit of o?
6
Let h(i) = 17*i**2 + 4*i - 9. What is the hundreds digit of h(3)?
1
Suppose -4*k + 8*k = 0. Suppose k = -3*q + 7*q. Suppose -6*v - 5*w + 14 = -4*v, -v + 4*w - 6 = q. What is the units digit of v?
2
Suppose 22*o - 20*o = -46. Let y(z) = -6*z**3 - 2*z**2 + 3*z - 1. Let l be y(2). Let b = o - l. What is the tens digit of b?
2
Suppose 729 = 3*z + 5*w, -2*w = -z - w + 243. Suppose 3 = -4*q + z. Suppose 3*p - q = 3*v, 3*v - 29 = -